{"id":96,"date":"2026-03-22T15:00:34","date_gmt":"2026-03-22T14:00:34","guid":{"rendered":"https:\/\/lovino.club\/?page_id=96"},"modified":"2026-03-22T16:13:24","modified_gmt":"2026-03-22T15:13:24","slug":"lovino-club-oswiecim","status":"publish","type":"page","link":"https:\/\/lovino.club\/","title":{"rendered":"LoVino Club O\u015bwi\u0119cim \u2013 wine bar, drinki i imprezy okoliczno\u015bciowe"},"content":{"rendered":"<div class=\"lovino-page\">\n<section class=\"lovino-hero\">\n<div class=\"lovino-container lovino-hero-inner\">\n<div style=\"text-align:center; margin-bottom:30px;\">\n  <img decoding=\"async\" src=\"https:\/\/lovino.club\/wp-content\/uploads\/2025\/09\/20250512-LOVINO-logo-3-on-dark.png\" \n       style=\"max-width:240px; width:100%; filter: drop-shadow(0 5px 15px rgba(0,0,0,0.5));\">\n<\/div>\n<h2>Twoje miejsce relaksu<\/h2>\n<p>LoVino Club w O\u015bwi\u0119cimiu to klimatyczny wine bar i miejsce spotka\u0144 przy winie,<br \/>drinkach oraz autorskich przek\u0105skach. Idealna przestrze\u0144 na wieczorny relaks,<br \/>spotkania ze znajomymi i wyj\u0105tkowe wydarzenia w niepowtarzalnej atmosferze.<\/p>\n<div class=\"lovino-hero-actions\">\n  <a class=\"lovino-btn lovino-btn-menu\" href=\"#menu\">Menu<\/a>\n  <a class=\"lovino-btn lovino-btn-imprezy\" href=\"#imprezy\">Imprezy okoliczno\u015bciowe<\/a>\n  <a class=\"lovino-btn lovino-btn-kontakt\" href=\"#kontakt\">Kontakt<\/a>\n\n  <a class=\"lovino-facebook-btn\" href=\"https:\/\/www.facebook.com\/profile.php?id=61578583571217\" target=\"_blank\">\n    Facebook LoVino\n  <\/a>\n<\/div>\n\n<div class=\"lovino-hero-image\"><img decoding=\"async\" src=\"https:\/\/lovino.club\/wp-content\/uploads\/2026\/02\/IMG_2706-scaled.jpeg\" alt=\"Wn\u0119trze LoVino Club\" \/><\/div>\n<\/div>\n<\/section>\n<section id=\"menu\" class=\"lovino-section lovino-section-alt\">\n<div class=\"lovino-container\">\n<div class=\"lovino-section-heading\">\n<h2>Nasze Menu<\/h2>\n<p>To, co widzisz, to dopiero pocz\u0105tek.\nNasze menu \u017cyje \u2013 zmienia si\u0119 wraz z sezonem, inspiracjami i\u2026 dobrym winem.\nJe\u015bli planujesz wizyt\u0119, mo\u017cesz wcze\u015bniej zam\u00f3wi\u0107 wybrane dania lub butelki \u2013 zadbamy o ka\u017cdy szczeg\u00f3\u0142 Twojego wieczoru.<\/p>\n<\/div>\n<div class=\"lovino-menu-grid\"><a class=\"lovino-card\" href=\"https:\/\/lovino.club\/wp-content\/uploads\/2026\/03\/menu-1.jpg\" target=\"_blank\" rel=\"noopener\"><br \/><img decoding=\"async\" src=\"https:\/\/lovino.club\/wp-content\/uploads\/2026\/03\/menu-1-1024x737.jpg\" alt=\"Menu LoVino 1\" \/><br \/><\/a>\n<p><a class=\"lovino-card\" href=\"https:\/\/lovino.club\/wp-content\/uploads\/2026\/03\/menu-2.jpg\" target=\"_blank\" rel=\"noopener\"><br \/><img decoding=\"async\" src=\"https:\/\/lovino.club\/wp-content\/uploads\/2026\/03\/menu-2-1024x737.jpg\" alt=\"Menu LoVino 2\" \/><br \/><\/a><\/p>\n<p><a class=\"lovino-card\" href=\"https:\/\/lovino.club\/wp-content\/uploads\/2026\/03\/menu-3.jpg\" target=\"_blank\" rel=\"noopener\"><br \/><img decoding=\"async\" src=\"https:\/\/lovino.club\/wp-content\/uploads\/2026\/03\/menu-3-1024x791.jpg\" alt=\"Menu LoVino 3\" \/><br \/><\/a><\/p>\n<p><a class=\"lovino-card\" href=\"https:\/\/lovino.club\/wp-content\/uploads\/2026\/03\/menu-4.jpg\" target=\"_blank\" rel=\"noopener\"><br \/><img decoding=\"async\" src=\"https:\/\/lovino.club\/wp-content\/uploads\/2026\/03\/menu-4-1024x791.jpg\" alt=\"Menu LoVino 4\" \/><br \/><\/a><\/p>\n<\/div>\n<\/div>\n<\/section>\n<section id=\"imprezy\" class=\"lovino-section\">\n<div class=\"lovino-container\">\n<div class=\"lovino-section-heading\">\n<h2>Imprezy okoliczno\u015bciowe<\/h2>\n<p>LoVino Club to idealne miejsce na organizacj\u0119 styp, spotka\u0144 firmowych,<br \/>kolacji ze znajomymi i kameralnych przyj\u0119\u0107.<br \/>Obejrzyj galeri\u0119 naszych realizacji.<\/p>\n<\/div>\n<div class=\"lovino-slider\">\n<div class=\"lovino-slider-track\">\n<div class=\"lovino-slide\"><a href=\"https:\/\/lovino.club\/wp-content\/uploads\/2026\/03\/impr.jpg\" target=\"_blank\" rel=\"noopener\"><br \/><img decoding=\"async\" src=\"https:\/\/lovino.club\/wp-content\/uploads\/2026\/03\/impr.jpg\" alt=\"Impreza LoVino 1\" \/><br \/><\/a><\/div>\n<div class=\"lovino-slide\"><a href=\"https:\/\/lovino.club\/wp-content\/uploads\/2026\/03\/imprez.jpg\" target=\"_blank\" rel=\"noopener\"><br \/><img decoding=\"async\" src=\"https:\/\/lovino.club\/wp-content\/uploads\/2026\/03\/imprez.jpg\" alt=\"Impreza LoVino 2\" \/><br \/><\/a><\/div>\n<div class=\"lovino-slide\"><a href=\"https:\/\/lovino.club\/wp-content\/uploads\/2026\/03\/imperaz.jpg\" target=\"_blank\" rel=\"noopener\"><br \/><img decoding=\"async\" src=\"https:\/\/lovino.club\/wp-content\/uploads\/2026\/03\/imperaz.jpg\" alt=\"Impreza LoVino 3\" \/><br \/><\/a><\/div>\n<div class=\"lovino-slide\"><a href=\"https:\/\/lovino.club\/wp-content\/uploads\/2026\/03\/imp5.jpg\" target=\"_blank\" rel=\"noopener\"><br \/><img decoding=\"async\" src=\"https:\/\/lovino.club\/wp-content\/uploads\/2026\/03\/imp5.jpg\" alt=\"Impreza LoVino 4\" \/><br \/><\/a><\/div>\n<div class=\"lovino-slide\"><a href=\"https:\/\/lovino.club\/wp-content\/uploads\/2026\/03\/impr.jpg\" target=\"_blank\" rel=\"noopener\"><br \/><img decoding=\"async\" src=\"https:\/\/lovino.club\/wp-content\/uploads\/2026\/03\/impr.jpg\" alt=\"Impreza LoVino 1\" \/><br \/><\/a><\/div>\n<div class=\"lovino-slide\"><a href=\"https:\/\/lovino.club\/wp-content\/uploads\/2026\/03\/imprez.jpg\" target=\"_blank\" rel=\"noopener\"><br \/><img decoding=\"async\" src=\"https:\/\/lovino.club\/wp-content\/uploads\/2026\/03\/imprez.jpg\" alt=\"Impreza LoVino 2\" \/><br \/><\/a><\/div>\n<div class=\"lovino-slide\"><a href=\"https:\/\/lovino.club\/wp-content\/uploads\/2026\/03\/imperaz.jpg\" target=\"_blank\" rel=\"noopener\"><br \/><img decoding=\"async\" src=\"https:\/\/lovino.club\/wp-content\/uploads\/2026\/03\/imperaz.jpg\" alt=\"Impreza LoVino 3\" \/><br \/><\/a><\/div>\n<div class=\"lovino-slide\"><a href=\"https:\/\/lovino.club\/wp-content\/uploads\/2026\/03\/imp5.jpg\" target=\"_blank\" rel=\"noopener\"><br \/><img decoding=\"async\" src=\"https:\/\/lovino.club\/wp-content\/uploads\/2026\/03\/imp5.jpg\" alt=\"Impreza LoVino 4\" \/><br \/><\/a><\/div>\n<\/div>\n<\/div>\n<\/div>\n<\/section>\n<section id=\"kontakt\" class=\"lovino-section lovino-section-alt\">\n<div class=\"lovino-container\">\n<div class=\"lovino-section-heading\">\n<h2>Kontakt<\/h2>\n<\/div>\n<div class=\"lovino-contact-grid\">\n<div class=\"lovino-contact-card\">\n<h3>LoVino Club<\/h3>\n<p>Ul. Ma\u0142y Rynek 7<br \/>O\u015bwi\u0119cim<\/p>\n<\/div>\n<div class=\"lovino-contact-card\">\n<h3>Rezerwacje<\/h3>\n<p>Telefon: 885-589-789<\/p>\n<\/div>\n<div class=\"lovino-contact-card\">\n<h3>Imprezy<\/h3>\n<p>Skontaktuj si\u0119 z nami &#8211; tel. 534-464-995<\/p>\n<\/div>\n<\/div>\n<\/div>\n<\/section>\n<\/div>\n\n\n<p><\/p>\n","protected":false},"excerpt":{"rendered":"<p>Twoje miejsce relaksu LoVino Club w O\u015bwi\u0119cimiu to klimatyczny wine bar i miejsce spotka\u0144 przy winie,drinkach oraz autorskich przek\u0105skach. Idealna przestrze\u0144 na wieczorny relaks,spotkania ze znajomymi i wyj\u0105tkowe wydarzenia w niepowtarzalnej atmosferze. Menu Imprezy okoliczno\u015bciowe Kontakt Facebook LoVino Nasze Menu To, co widzisz, to dopiero pocz\u0105tek. Nasze menu \u017cyje \u2013 zmienia si\u0119 wraz z sezonem, [&hellip;]<\/p>\n","protected":false},"author":4,"featured_media":0,"parent":0,"menu_order":0,"comment_status":"closed","ping_status":"closed","template":"","meta":{"footnotes":""},"class_list":["post-96","page","type-page","status-publish","hentry"],"yoast_head":"<!-- This site is optimized with the Yoast SEO plugin v25.5 - https:\/\/yoast.com\/wordpress\/plugins\/seo\/ -->\n<title>LoVino Club O\u015bwi\u0119cim \u2013 wine bar, drinki i imprezy okoliczno\u015bciowe<\/title>\n<meta name=\"description\" content=\"LoVino Club w O\u015bwi\u0119cimiu to klimatyczny wine bar z winem, autorskimi drinkami i przek\u0105skami. Idealne miejsce na imprezy okoliczno\u015bciowe\" \/>\n<meta name=\"robots\" content=\"index, follow, max-snippet:-1, max-image-preview:large, max-video-preview:-1\" \/>\n<link rel=\"canonical\" href=\"https:\/\/lovino.club\/\" \/>\n<meta property=\"og:locale\" content=\"pl_PL\" \/>\n<meta property=\"og:type\" content=\"article\" \/>\n<meta property=\"og:title\" content=\"LoVino Club O\u015bwi\u0119cim \u2013 wine bar, drinki i imprezy okoliczno\u015bciowe\" \/>\n<meta property=\"og:description\" content=\"LoVino Club w O\u015bwi\u0119cimiu to klimatyczny wine bar z winem, autorskimi drinkami i przek\u0105skami. Idealne miejsce na imprezy okoliczno\u015bciowe\" \/>\n<meta property=\"og:url\" content=\"https:\/\/lovino.club\/\" \/>\n<meta property=\"og:site_name\" content=\"LoVino Club\" \/>\n<meta property=\"article:modified_time\" content=\"2026-03-22T15:13:24+00:00\" \/>\n<meta property=\"og:image\" content=\"https:\/\/lovino.club\/wp-content\/uploads\/2025\/09\/20250512-LOVINO-logo-3-on-dark.png\" \/>\n<meta name=\"twitter:card\" content=\"summary_large_image\" \/>\n<meta name=\"twitter:label1\" content=\"Szacowany czas czytania\" \/>\n\t<meta name=\"twitter:data1\" content=\"4 minuty\" \/>\n<script type=\"application\/ld+json\" class=\"yoast-schema-graph\">{\"@context\":\"https:\/\/schema.org\",\"@graph\":[{\"@type\":\"WebPage\",\"@id\":\"https:\/\/lovino.club\/\",\"url\":\"https:\/\/lovino.club\/\",\"name\":\"LoVino Club O\u015bwi\u0119cim \u2013 wine bar, drinki i imprezy okoliczno\u015bciowe\",\"isPartOf\":{\"@id\":\"https:\/\/lovino.club\/#website\"},\"primaryImageOfPage\":{\"@id\":\"https:\/\/lovino.club\/#primaryimage\"},\"image\":{\"@id\":\"https:\/\/lovino.club\/#primaryimage\"},\"thumbnailUrl\":\"https:\/\/lovino.club\/wp-content\/uploads\/2025\/09\/20250512-LOVINO-logo-3-on-dark.png\",\"datePublished\":\"2026-03-22T14:00:34+00:00\",\"dateModified\":\"2026-03-22T15:13:24+00:00\",\"description\":\"LoVino Club w O\u015bwi\u0119cimiu to klimatyczny wine bar z winem, autorskimi drinkami i przek\u0105skami. Idealne miejsce na imprezy okoliczno\u015bciowe\",\"breadcrumb\":{\"@id\":\"https:\/\/lovino.club\/#breadcrumb\"},\"inLanguage\":\"pl-PL\",\"potentialAction\":[{\"@type\":\"ReadAction\",\"target\":[\"https:\/\/lovino.club\/\"]}]},{\"@type\":\"ImageObject\",\"inLanguage\":\"pl-PL\",\"@id\":\"https:\/\/lovino.club\/#primaryimage\",\"url\":\"https:\/\/lovino.club\/wp-content\/uploads\/2025\/09\/20250512-LOVINO-logo-3-on-dark.png\",\"contentUrl\":\"https:\/\/lovino.club\/wp-content\/uploads\/2025\/09\/20250512-LOVINO-logo-3-on-dark.png\",\"width\":1402,\"height\":612},{\"@type\":\"BreadcrumbList\",\"@id\":\"https:\/\/lovino.club\/#breadcrumb\",\"itemListElement\":[{\"@type\":\"ListItem\",\"position\":1,\"name\":\"Home\",\"item\":\"https:\/\/lovino.club\/\"},{\"@type\":\"ListItem\",\"position\":2,\"name\":\"LoVino Club O\u015bwi\u0119cim \u2013 wine bar, drinki i imprezy okoliczno\u015bciowe\"}]},{\"@type\":\"WebSite\",\"@id\":\"https:\/\/lovino.club\/#website\",\"url\":\"https:\/\/lovino.club\/\",\"name\":\"LoVino Club\",\"description\":\"\",\"publisher\":{\"@id\":\"https:\/\/lovino.club\/#organization\"},\"potentialAction\":[{\"@type\":\"SearchAction\",\"target\":{\"@type\":\"EntryPoint\",\"urlTemplate\":\"https:\/\/lovino.club\/?s={search_term_string}\"},\"query-input\":{\"@type\":\"PropertyValueSpecification\",\"valueRequired\":true,\"valueName\":\"search_term_string\"}}],\"inLanguage\":\"pl-PL\"},{\"@type\":\"Organization\",\"@id\":\"https:\/\/lovino.club\/#organization\",\"name\":\"LoVino Club\",\"url\":\"https:\/\/lovino.club\/\",\"logo\":{\"@type\":\"ImageObject\",\"inLanguage\":\"pl-PL\",\"@id\":\"https:\/\/lovino.club\/#\/schema\/logo\/image\/\",\"url\":\"https:\/\/lovino.club\/wp-content\/uploads\/2025\/09\/20250512-LOVINO-logo-3-on-dark.png\",\"contentUrl\":\"https:\/\/lovino.club\/wp-content\/uploads\/2025\/09\/20250512-LOVINO-logo-3-on-dark.png\",\"width\":1402,\"height\":612,\"caption\":\"LoVino Club\"},\"image\":{\"@id\":\"https:\/\/lovino.club\/#\/schema\/logo\/image\/\"}}]}<\/script>\n<!-- \/ Yoast SEO plugin. -->","yoast_head_json":{"title":"LoVino Club O\u015bwi\u0119cim \u2013 wine bar, drinki i imprezy okoliczno\u015bciowe","description":"LoVino Club w O\u015bwi\u0119cimiu to klimatyczny wine bar z winem, autorskimi drinkami i przek\u0105skami. Idealne miejsce na imprezy okoliczno\u015bciowe","robots":{"index":"index","follow":"follow","max-snippet":"max-snippet:-1","max-image-preview":"max-image-preview:large","max-video-preview":"max-video-preview:-1"},"canonical":"https:\/\/lovino.club\/","og_locale":"pl_PL","og_type":"article","og_title":"LoVino Club O\u015bwi\u0119cim \u2013 wine bar, drinki i imprezy okoliczno\u015bciowe","og_description":"LoVino Club w O\u015bwi\u0119cimiu to klimatyczny wine bar z winem, autorskimi drinkami i przek\u0105skami. Idealne miejsce na imprezy okoliczno\u015bciowe","og_url":"https:\/\/lovino.club\/","og_site_name":"LoVino Club","article_modified_time":"2026-03-22T15:13:24+00:00","og_image":[{"url":"https:\/\/lovino.club\/wp-content\/uploads\/2025\/09\/20250512-LOVINO-logo-3-on-dark.png","type":"","width":"","height":""}],"twitter_card":"summary_large_image","twitter_misc":{"Szacowany czas czytania":"4 minuty"},"schema":{"@context":"https:\/\/schema.org","@graph":[{"@type":"WebPage","@id":"https:\/\/lovino.club\/","url":"https:\/\/lovino.club\/","name":"LoVino Club O\u015bwi\u0119cim \u2013 wine bar, drinki i imprezy okoliczno\u015bciowe","isPartOf":{"@id":"https:\/\/lovino.club\/#website"},"primaryImageOfPage":{"@id":"https:\/\/lovino.club\/#primaryimage"},"image":{"@id":"https:\/\/lovino.club\/#primaryimage"},"thumbnailUrl":"https:\/\/lovino.club\/wp-content\/uploads\/2025\/09\/20250512-LOVINO-logo-3-on-dark.png","datePublished":"2026-03-22T14:00:34+00:00","dateModified":"2026-03-22T15:13:24+00:00","description":"LoVino Club w O\u015bwi\u0119cimiu to klimatyczny wine bar z winem, autorskimi drinkami i przek\u0105skami. Idealne miejsce na imprezy okoliczno\u015bciowe","breadcrumb":{"@id":"https:\/\/lovino.club\/#breadcrumb"},"inLanguage":"pl-PL","potentialAction":[{"@type":"ReadAction","target":["https:\/\/lovino.club\/"]}]},{"@type":"ImageObject","inLanguage":"pl-PL","@id":"https:\/\/lovino.club\/#primaryimage","url":"https:\/\/lovino.club\/wp-content\/uploads\/2025\/09\/20250512-LOVINO-logo-3-on-dark.png","contentUrl":"https:\/\/lovino.club\/wp-content\/uploads\/2025\/09\/20250512-LOVINO-logo-3-on-dark.png","width":1402,"height":612},{"@type":"BreadcrumbList","@id":"https:\/\/lovino.club\/#breadcrumb","itemListElement":[{"@type":"ListItem","position":1,"name":"Home","item":"https:\/\/lovino.club\/"},{"@type":"ListItem","position":2,"name":"LoVino Club O\u015bwi\u0119cim \u2013 wine bar, drinki i imprezy okoliczno\u015bciowe"}]},{"@type":"WebSite","@id":"https:\/\/lovino.club\/#website","url":"https:\/\/lovino.club\/","name":"LoVino Club","description":"","publisher":{"@id":"https:\/\/lovino.club\/#organization"},"potentialAction":[{"@type":"SearchAction","target":{"@type":"EntryPoint","urlTemplate":"https:\/\/lovino.club\/?s={search_term_string}"},"query-input":{"@type":"PropertyValueSpecification","valueRequired":true,"valueName":"search_term_string"}}],"inLanguage":"pl-PL"},{"@type":"Organization","@id":"https:\/\/lovino.club\/#organization","name":"LoVino Club","url":"https:\/\/lovino.club\/","logo":{"@type":"ImageObject","inLanguage":"pl-PL","@id":"https:\/\/lovino.club\/#\/schema\/logo\/image\/","url":"https:\/\/lovino.club\/wp-content\/uploads\/2025\/09\/20250512-LOVINO-logo-3-on-dark.png","contentUrl":"https:\/\/lovino.club\/wp-content\/uploads\/2025\/09\/20250512-LOVINO-logo-3-on-dark.png","width":1402,"height":612,"caption":"LoVino Club"},"image":{"@id":"https:\/\/lovino.club\/#\/schema\/logo\/image\/"}}]}},"_links":{"self":[{"href":"https:\/\/lovino.club\/index.php?rest_route=\/wp\/v2\/pages\/96","targetHints":{"allow":["GET"]}}],"collection":[{"href":"https:\/\/lovino.club\/index.php?rest_route=\/wp\/v2\/pages"}],"about":[{"href":"https:\/\/lovino.club\/index.php?rest_route=\/wp\/v2\/types\/page"}],"author":[{"embeddable":true,"href":"https:\/\/lovino.club\/index.php?rest_route=\/wp\/v2\/users\/4"}],"replies":[{"embeddable":true,"href":"https:\/\/lovino.club\/index.php?rest_route=%2Fwp%2Fv2%2Fcomments&post=96"}],"version-history":[{"count":18,"href":"https:\/\/lovino.club\/index.php?rest_route=\/wp\/v2\/pages\/96\/revisions"}],"predecessor-version":[{"id":129,"href":"https:\/\/lovino.club\/index.php?rest_route=\/wp\/v2\/pages\/96\/revisions\/129"}],"wp:attachment":[{"href":"https:\/\/lovino.club\/index.php?rest_route=%2Fwp%2Fv2%2Fmedia&parent=96"}],"curies":[{"name":"wp","href":"https:\/\/api.w.org\/{rel}","templated":true}]}}